 b(i)?
2, 31
Suppose -2*q + 702 = 25*q. What are the prime factors of q?
2, 13
Suppose 0 = 4*h - 20, -5*u - 7 + 37 = -4*h. Suppose 20 = -6*x + u*x. What are the prime factors of 90/x - (0 - -2)?
2
Let o be 72/(-42)*(-21)/3. Let i = -12 + o. Suppose -f - 5*w + 3*w - 5 = i, -3*f = w - 10. List the prime factors of f.
5
Suppose -540 = -5*m - m. Suppose -2*s = -30 - m. What are the prime factors of s?
2, 3, 5
Let r be (-130 - -1) + 9 + -13. Let o = -115 - r. List the prime factors of o.
2, 3
What are the prime factors of 4*(-7010)/(-10) - -10?
2, 3, 7, 67
Let d = 17 - 8. Let w be (16/(-2))/((-18)/d). Suppose w*z + 0*z = 68. List the prime factors of z.
17
Let y(w) = -w**3 + 13*w**2 - 10*w + 2. Let z be y(12). Suppose -z = -2*n + n. What are the prime factors of n?
2, 13
Suppose -5*p + 4 = -6. Suppose 3*n - 4 = p*z - 17, 4*n = -12. Suppose r = -3*a + 33, -z*a + 5*r - 3 = -8. List the prime factors of a.
2, 5
Let k = -551 - -777. Suppose 5*d + 41 - k = 0. Suppose -2*v = 11 - d. List the prime factors of v.
13
Let b(o) = 9*o**2 - 10*o - 56. What are the prime factors of b(-13)?
5, 11, 29
Let a be -2*(-3 - 18/(-4)). Let z be 1*a/(-1) - -5. Let r = z - -8. What are the prime factors of r?
2
Suppose -31 = -w - 324. Let j = -125 - w. Suppose -j - 4 = -4*f. What are the prime factors of f?
43
List the prime factors of ((-1743)/84)/((-1)/4).
83
Let c(d) = -d + 17. Let i be c(14). Suppose 0 = 2*g - 3 - i. Suppose 132 = 2*t + 3*j, g*t - 4*j + 9*j = 199. What are the prime factors of t?
3, 7
Let a = -10 - -4. Let s be 330/(-9)*a/(-5). Let l = 75 + s. What are the prime factors of l?
31
Suppose -2*u - u = -12. Suppose u*z = -0*z. Suppose t = 3*p - 9 - 3, 5*p + 5*t = z. What are the prime factors of p?
3
Suppose 0 = t + 2 - 4. Let h be 0 - 0/(1 + t). List the prime factors of 1/((-3)/(-39) - h).
13
Suppose 2*p = -2*a - 1738, 4*p = -5*a + 2*p - 4342. List the prime factors of a/(-21) - 2/(-3).
2, 3, 7
Let b = 2 - 1. Suppose 0 = 5*r - 2 - 8. Suppose b = -q - 2*f - 3, 2*f = r*q - 16. List the prime factors of q.
2
Suppose 16815 = -3*k - 22929. What are the prime factors of (-6)/(-51) + k/(-102)?
2, 5, 13
Suppose -5*p - 2*o = -257, -3*o = p - 30 - 24. Suppose 3*j - 6*j + 4*n + p = 0, 4*n - 40 = -4*j. What are the prime factors of j?
13
Let r be (0 + 25)/(-9 - -10). Let w = r - -24. What are the prime factors of w?
7
Let x(z) = 5*z - 2*z**3 - 4*z**2 + 2*z**2 + z**2 - 2*z**3 + 4. Let h be x(-3). Suppose -4*t + 134 = 2*n - 34, -n - h = -2*t. List the prime factors of t.
43
Suppose 5*o - 409 = 4*s, 0*o - 3*s - 328 = -4*o. Suppose -o - 49 = -y. List the prime factors of y.
2, 67
Let t = 2160 - 956. What are the prime factors of t?
2, 7, 43
Let p(s) = -66*s + 2. Let u be p(-1). Let a = -10 + u. What are the prime factors of a?
2, 29
Let q(m) = m**2 + 4*m - 19. Let i be q(-7). Suppose -3*z + 148 = -i*u - 0*u, -4*z + 4*u + 204 = 0. List the prime factors of z.
2, 23
Let g(z) = -z**2 + 3. Let d be (-8)/(-12) + 2/(-3). Let j be g(d). List the prime factors of 40 + 1/(j/(-6)).
2, 19
What are the prime factors of 1/(-1 - 102*6/(-603))?
67
Suppose 7 = l - 7. Let y be (21/l)/(2/8). What are the prime factors of (-2)/y + 74/6?
2, 3
Suppose -7*a + 1058 + 2316 = 0. List the prime factors of a.
2, 241
Suppose k + 9 = -1. Let j(r) = r**3 + 11*r**2 + 1. Let u be j(k). Suppose 3*t = 5*z + u, -4*t - 3*z + 64 = -32. What are the prime factors of t?
3
What are the prime factors of (948/(-15))/(18/(-45))?
2, 79
Let m(b) = 2*b**2 - 9*b - 9. Let d be m(7). Let a = d + 39. List the prime factors of a.
5, 13
Suppose 2*i = -4*f - 4, -i + 2*i + 3*f + 6 = 0. Let d be 1203/7 + i/42. Suppose 4*v = -4*x + d, -2*x - v - 3*v = -78. What are the prime factors of x?
47
Let o be (155/(-4))/(-5) + 1/4. What are the prime factors of o/(-20) + 1328/(-60)*-3?
2, 3, 11
Let u = 22 - 26. What are the prime factors of (12/15)/(u/(-1590))?
2, 3, 53
Let z = 2037 - -734. List the prime factors of z.
17, 163
Let d be 8/(-20) + 110/25. Let z(j) = j**3 - 8*j**2 + j + 8. Let u be z(8). Suppose 6*f - u = d*f. What are the prime factors of f?
2
Let o be (60/(-75))/(1/(-60)). Let l(s) = 2*s**2 + 2*s. Let q be l(-2). Suppose -q*m + 120 = o. List the prime factors of m.
2, 3
Let w = -329 - -488. What are the prime factors of w?
3, 53
Let w = 6504 - 3026. What are the prime factors of w?
2, 37, 47
Let x(w) = 280*w**2 - 8*w - 16. What are the prime factors of x(-3)?
2, 79
Suppose -2*i - 2*n + 10 = 0, 0 = -3*n + 6*n - 9. Suppose -i*s = -61 - 187. What are the prime factors of s?
2, 31
Suppose 35 = 7*w - 0*w. Suppose 782 = w*g - 153. Let v = g - 133. What are the prime factors of v?
2, 3
Let s = 4 - 4. Suppose -2*d = s, 2*i - 51 - 29 = 5*d. List the prime factors of i.
2, 5
Let q(f) = 0*f**2 + 31 + 7 + 26 + f**2 + 2*f. Let i(c) = -c**3 + c. Let s be i(-1). What are the prime factors of q(s)?
2
Let q(d) = -d**3 - 4*d**2 - d + 2. Let u be q(-3). Let y = 6 + u. Suppose y*n + 5 = -3*n, -n - 93 = -4*z. What are the prime factors of z?
23
Let q be (0 - 2) + 0 + 40. Let z = -17 + q. List the prime factors of z.
3, 7
Let t(a) = -93*a**2 + a + 96*a**2 + 2*a**3 + a**3. Let w be t(-1). Let q(o) = 9*o**2 + 1. What are the prime factors of q(w)?
2, 5
Suppose -2*r - 2*c + 1419 = 483, 3*c + 1416 = 3*r. What are the prime factors of r?
2, 5, 47
What are the prime factors of 250 + 12/(-3)*5/4?
5, 7
Let w = 1 + -7. Let c(p) = -18*p - 8. Let x be c(w). List the prime factors of x/(-6)*(-3)/2.
5
Let b(f) = 2*f + 27. Let r be b(-9). Let s(i) = i**2 + 4*i + 2. What are the prime factors of s(r)?
7, 17
Let t(w) = 42*w - 21. Let o(r) = r - 1. Let j(m) = 2*o(m) - t(m). Let p(f) = 13*f - 6. Let z(k) = 2*j(k) + 7*p(k). List the prime factors of z(6).
2, 31
Let l be 2/(0 + -1) + 201. Suppose 21 = -2*u + l. List the prime factors of u.
89
Suppose -250 = 25*t - 27*t. List the prime factors of t.
5
Let c be (16/(-6))/(-5 + 26/6). Suppose -4*a - a - 5*z + 605 = 0, -5*a + c*z + 623 = 0. What are the prime factors of a?
3, 41
Suppose 0 = 4*m - 4*j - 303 - 49, -j = 4*m - 377. Let t = 189 - m. What are the prime factors of t?
2, 3
Suppose 5*o - 1185 = -4*r + 744, -o = -4*r + 1899. List the prime factors of r.
2, 7, 17
Suppose 0 = -4*p - 3 - 5. Let z(l) be the second derivative of -l**5/4 - l**4/4 - l**3/3 + l**2 + 5*l. What are the prime factors of z(p)?
2, 17
Let n = 438 - -1586. What are the prime factors of n?
2, 11, 23
Let h be 4/10 - (-1180)/50. Suppose -4*r + 0*r + h = 0. Suppose 0 = 4*y - r - 34. What are the prime factors of y?
2, 5
What are the prime factors of ((-21)/12)/((-10)/160)?
2, 7
List the prime factors of 695*(21/7 - 0).
3, 5, 139
Let q be (-30)/25*80/12. List the prime factors of 9 - 1/((-4)/q).
7
Suppose -64 - 1227 = -p - 2*w, -2566 = -2*p + 4*w. List the prime factors of p.
3, 11, 13
Let h = -31 - 278. Let j = 588 + h. What are the prime factors of j?
3, 31
Suppose -5*y = -3*y + 6. What are the prime factors of (-26)/y + 8/24?
3
Let b = 102 - -28. Let y = 46 - 131. Let v = y + b. List the prime factors of v.
3, 5
Let i = 323 + -109. Suppose -551 - i = -9*z. What are the prime factors of z?
5, 17
Suppose 2*p + 1080 = 2*n, -7*n + 3*p + 2692 = -2*n. Suppose -5*t = -t - n. List the prime factors of t.
2, 67
Let z be 48/(-14)*(-294)/28. Let u = 18 - z. Let k = 50 + u. What are the prime factors of k?
2
Let p be 1 - ((-2)/(-7) + (-72)/56). What are the prime factors of (6 - -36)/(p + (-1)/2)?
2, 7
Let x(q) = 6*q - 34. Let n = 0 - 1. Let c(z) = z. Let r(o) = n*x(o) + 8*c(o). List the prime factors of r(0).
2, 17
Let w(o) = o**3 - 10*o**2 - 8*o - 8. Suppose 5*a + 55 = 3*h + 22, 5*h = -a + 55. What are the prime factors of w(h)?
5
Let v(f) = 6*f + 184. Let b be v(0). Let g = b - 109. What are the prime factors of g?
3, 5
Let o be 1*(748/(-16) - -2)*-4. Suppose 2*s + 194 = 2*w, -o = -4*w + 2*w + 5*s. What are the prime factors of w?
2, 3, 17
Let a be 16*((-21)/(-6))/7. Let q be (a/6)/(2/93). Suppose 5*h - q + 12 = 0. What are the prime factors of h?
2, 5
Let v(r) = -r**2 + 10*r - 14. Let z be v(7). List the prime factors of (-14)/49 + 226/z.
2
Suppose -3*n + 1166 = p, 0 = -3*p - p - 4*n + 4672. Let r be p/21 - 1/(-3). Let b = 3 + r. List the prime factors of b.
59
Let q be 2/8 + 57/12. Let w = q - 13. Let n = 14 + w. List the prime factors of n.
